 Let m be u(7). What is the highest common divisor of m and 97?
97
Let o(r) = 9*r**2 - 3*r + 4. Let x be o(1). Calculate the greatest common factor of 5 and x.
5
Let l(k) = k**3 - 13*k**2 - 2*k + 56. Let m be l(13). What is the greatest common factor of m and 20?
10
Suppose -189 = -9*x + 2*x. Suppose 4*y = -3*h + x, -2*y + y - 5*h = -11. Calculate the highest common factor of 24 and y.
6
Suppose -5*b + 87 = x, -3*x - 5*b = -3*b - 196. Calculate the highest common factor of x and 217.
31
Let z(i) = -2*i**2 - 20*i - 9. Let c be z(-9). What is the greatest common divisor of 243 and c?
9
Let n(t) = t**2 + 2*t - 13. Let u be n(7). Let y = -14 + u. What is the highest common divisor of 54 and y?
18
Suppose -4*a + 9*a = 40. Let z(q) = -12*q**3 + 3*q**2 - 3. Let t be z(-1). Calculate the greatest common factor of a and t.
4
Suppose 2*s + 2*s - 5*d = 295, s - 85 = 5*d. What is the greatest common divisor of 28 and s?
14
Suppose -5*l = -t - 4, 6 = 3*l + 3*t - 0*t. Suppose -1368 - 458 = -84*s - 82*s. Calculate the highest common factor of s and l.
1
Suppose 4*t + 2*n = 142, 0*n = -5*t - 3*n + 179. Suppose 100 = -5*q + 355. What is the highest common factor of t and q?
17
Let n(k) = k - 23. Let s be n(19). Let r be (s + 6)/(2/11). What is the greatest common factor of r and 33?
11
Let t = -6 - 10. Let v be (t/4)/(-4) + 18. Calculate the greatest common factor of 114 and v.
19
Suppose o - 4*c - 32 = 0, -5*o + 5*c + 27 = -4*o. What is the highest common factor of o and 65?
13
Let u be (-4)/10 + (-162)/(-30). Let d(m) = 2*m - 6. Let i be d(u). Suppose 5*b + 24 = 3*h, i*h + b - 40 = -h. Calculate the highest common divisor of 24 and h.
8
Suppose 3*h + 2 = -31. Suppose 3*k - 2*i + 9 = 0, -5*k + 3*i = -0*k + 16. Let g = k - h. Calculate the highest common factor of g and 1.
1
Let s be (2/(-3))/(3/(-540)). Suppose -s = 3*u - 7*u. What is the highest common factor of u and 40?
10
Let f = 88 - -92. What is the greatest common factor of 45 and f?
45
Suppose -4*z - 10*g + 14*g = -76, 0 = 3*g - 15. Suppose -3*f + 121 = 3*y - 452, 383 = 2*f + y. Calculate the highest common divisor of z and f.
24
Let g = 10 - -50. Calculate the highest common factor of g and 30.
30
Let k = -6 - -22. Suppose -k = -2*d + 5*m, 3*d + m = d + 28. What is the greatest common factor of 117 and d?
13
Let i = -13 - -1. Let g = i + 8. Let d = g - -10. Calculate the greatest common divisor of d and 12.
6
Suppose 0 = -7*n + 2 + 670. What is the highest common divisor of n and 32?
32
Suppose -34*a + 5 = -29*a + 5*i, -3*a + 3 = -i. What is the highest common divisor of 4 and a?
1
Let z be ((-35)/(-3))/7*3. Suppose -z*t + s = -22, 6 = 2*t - 0*s + s. Calculate the highest common divisor of t and 36.
4
Let g = 46 - 45. Suppose 7*n - g = 6*n. Calculate the highest common factor of n and 1.
1
Suppose -79*t - 26 = -80*t. What is the highest common divisor of t and 2?
2
Let y(z) = -5*z + 2. Suppose 119 = -11*x + 9. Let b be y(x). Calculate the highest common factor of 4 and b.
4
Let x be 1/(10/24)*(-35)/(-14). Let t = 14 - 10. Calculate the greatest common factor of x and t.
2
Let y be (2/10*-2)/((-4)/2000). Calculate the highest common divisor of y and 80.
40
Suppose 0 = y + 2*y - 5*s - 16, 5*y = -s + 8. Let c be (13/(-26))/(1*(-1)/y). What is the greatest common factor of c and 9?
1
Suppose -68 = -2*s - 5*c, 8*c = -5*s + 4*c + 136. What is the highest common factor of s and 174?
6
Suppose 6*v = v. Let x be -1 + 9 + 2 + v. Suppose 0 = -x*q + 11*q - 15. What is the greatest common divisor of q and 5?
5
Let k be (2 + 2 + -268)*(-2)/6. Calculate the greatest common factor of 11 and k.
11
Let m(h) = -4*h**2 - 112*h - 38. Let p be m(-22). What is the highest common factor of p and 294?
98
Let b = -438 - -625. What is the greatest common factor of 17 and b?
17
Let g = 57 - 29. Let h be (-6)/(-3)*(-4 - -2). Let n be h/(-10) - (-54)/15. Calculate the greatest common divisor of n and g.
4
Suppose 93*o = 66*o + 2592. Let y(r) = r**3 + r**2 - 3*r + 2. Let q be y(2). What is the highest common factor of q and o?
8
Let z(m) = -m**3 - 12*m**2 + 13*m + 5. Let o be z(-13). Suppose -o*k + 324 = -776. What is the highest common factor of 20 and k?
20
Let i(w) = -4*w**2 - 25*w - 13. Let d be i(-5). What is the highest common divisor of d and 576?
12
Let v = 1 - 0. Let k be (-7 - (v + 1))/(-1). Let l = 112 + -67. What is the highest common factor of k and l?
9
Let v be ((-2)/(-8))/((-11)/(-88)). Suppose y - 27 = 5*r, -5*r = v*y - 3*r - 42. Calculate the highest common factor of 2 and y.
2
Let r(y) = 85*y - 5. Let o be 3 - 9/((-27)/6). Let p be r(o). Let x be (2/4)/(5/p). What is the greatest common divisor of 6 and x?
6
Let h be (12 - (5 + -6)) + 632. Calculate the highest common factor of h and 5.
5
Suppose -y + 7 = -5. Suppose 0 = 6*f - 10*f + y. Let x be (f + -6)/(-6)*50. Calculate the highest common factor of x and 50.
25
Suppose 0 = -4*z + 7 - 23, 2*m + 3*z = 20. Calculate the highest common factor of 2 and m.
2
Let k(n) = 14*n**2 + n + 18. Let p be k(0). Calculate the highest common divisor of p and 288.
18
Let u = -117 + 137. What is the highest common factor of u and 290?
10
Suppose -4*x + 0*x - 4 = s, -5*s + 5*x = -55. Let l = -329 - -211. Let d = l - -206. What is the greatest common divisor of s and d?
8
Let z = 459 + -468. Suppose -2*m + 15 = -m. Let p = z + m. Calculate the highest common divisor of 66 and p.
6
Let f = -75 + 13. Let x = 10 - f. What is the greatest common divisor of 9 and x?
9
Let d = 67 - 65. Let w be d/10 + (-2144)/(-80). What is the greatest common factor of 27 and w?
27
Suppose 1923 = -19*u + 8250. Calculate the highest common factor of u and 259.
37
Let w = -450 - -472. Suppose -7*k + 176 = -3*k. What is the highest common divisor of w and k?
22
Suppose n - 1195 = -3*d, -1761 = -5*d - 5*n + 214. Suppose -5*h + d + 40 = 0. Let a = 47 + -25. What is the greatest common divisor of a and h?
22
Let r be 2/(-5) - (-308)/20. Let g(p) = p**2 - 4*p - 1. Let f be g(-3). Suppose -3*o + 25 = -f. What is the highest common factor of o and r?
15
Let y be 1527/9 - 2/3. Let o(j) = 4*j + 5. Let c be o(2). What is the greatest common divisor of y and c?
13
Let n be 0 - -1 - (-20 + 15). Let v = n + 2. What is the greatest common factor of v and 56?
8
Let u = 17 - 10. Suppose -49 + 79 = 30*g. What is the highest common factor of g and u?
1
Let c = 231 - 192. What is the greatest common divisor of c and 52?
13
Let o(b) = 3*b**2 + b - 2. Let c be o(1). Suppose j + s - c*s - 35 = 0, 5*s = -25. What is the greatest common factor of j and 105?
15
Let h(l) = -l**3 + 51*l**2 - 90*l + 68. Let q be h(49). Calculate the highest common divisor of 20 and q.
20
Suppose 5*v + 4 = -1, g + 171 = 4*v. Let w be g/(-28) - 6/(-8). What is the highest common factor of w and 77?
7
Let q be 104*(2 - (-12)/(-8)). Suppose -59*j + 54*j + 390 = 0. Calculate the highest common divisor of q and j.
26
Suppose 810 = 23*n - 8*n. Let q = n + -46. What is the greatest common factor of q and 8?
8
Suppose -11 = -2*x - 3. Suppose -x*t = -4*p + 65 + 255, 5*t + 96 = p. Calculate the greatest common factor of 19 and p.
19
Suppose 4*o + 0*w = 3*w + 224, -2*w - 280 = -5*o. Let h = 7 + 0. What is the greatest common divisor of o and h?
7
Suppose o + 4*j = -2*o + 49, 0 = -o - 4*j + 27. What is the highest common divisor of 517 and o?
11
Let s = -88 - -93. Suppose -4*d - 2 = -62. Calculate the greatest common factor of d and s.
5
Let j(v) = 3*v**3 - 2*v**2 + 2*v - 2. Let l be j(1). Suppose -3*o + 5*o = 4. What is the highest common divisor of l and o?
1
Let j(f) = 7*f**2. Let x(o) = -o**3 + 2*o**2 + 6*o - 11. Let q be x(3). Let a be j(q). What is the greatest common factor of a and 42?
14
Let k = 385 - 355. Calculate the greatest common factor of k and 250.
10
Let u = -17 + 39. Let n be 36/(-24)*(-176)/24. What is the highest common divisor of n and u?
11
Suppose -4*y + 2*y - 364 = 0. Let v be (-30)/75 + y/(-5). What is the highest common factor of v and 54?
18
Let t = 11 + -5. Let a(f) = 2*f**3 - 7*f**2 - 2*f - 8. Let r be a(t). What is the highest common divisor of r and 40?
40
Suppose -4 = -33*i + 29*i. Calculate the greatest common factor of i and 175.
1
Let q be (1/(-2))/(2/44). Let j = q - -11. Suppose 0 = -0*d + 2*d + 4*v - 76, j = -4*d - v 